{"id":231,"date":"2020-10-03T17:14:03","date_gmt":"2020-10-03T17:14:03","guid":{"rendered":"https:\/\/bauchbewohner.ch\/?page_id=231"},"modified":"2026-03-27T10:36:01","modified_gmt":"2026-03-27T10:36:01","slug":"ueber-mich","status":"publish","type":"page","link":"https:\/\/bauchbewohner.ch\/index.php\/ueber-mich\/","title":{"rendered":"\u00dcber mich"},"content":{"rendered":"<div class=\"fusion-fullwidth fullwidth-box fusion-builder-row-1 fusion-flex-container has-pattern-background has-mask-background nonhundred-percent-fullwidth non-hundred-percent-height-scrolling fusion-animated\" style=\"--link_hover_color: var(--awb-custom_color_6);--awb-border-sizes-top:0;--awb-border-sizes-bottom:0;--awb-border-sizes-left:0;--awb-border-sizes-right:0;--awb-border-color:var(--awb-custom_color_6);--awb-border-radius-top-left:0px;--awb-border-radius-top-right:0px;--awb-border-radius-bottom-right:0px;--awb-border-radius-bottom-left:0px;--awb-padding-top:30px;--awb-padding-right:30px;--awb-padding-bottom:0px;--awb-padding-left:30px;--awb-margin-top:-60px;--awb-margin-bottom:50px;--awb-background-color:rgba(245,223,187,0);--awb-background-image:linear-gradient(180deg, var(--awb-custom_color_3) 0%,rgba(255,255,255,0) 100%);--awb-flex-wrap:wrap;\" data-animationType=\"fadeInUp\" data-animationDuration=\"1.0\" data-animationOffset=\"top-into-view\" ><div class=\"fusion-builder-row fusion-row fusion-flex-align-items-center fusion-flex-justify-content-center fusion-flex-content-wrap\" style=\"max-width:1365px;margin-left: calc(-5% \/ 2 );margin-right: calc(-5% \/ 2 );\"><div class=\"fusion-layout-column fusion_builder_column fusion-builder-column-0 fusion_builder_column_2_3 2_3 fusion-flex-column\" style=\"--awb-bg-size:cover;--awb-width-large:66.666666666667%;--awb-margin-top-large:0px;--awb-spacing-right-large:3.5625%;--awb-margin-bottom-large:0px;--awb-spacing-left-large:3.5625%;--awb-width-medium:66.666666666667%;--awb-order-medium:0;--awb-spacing-right-medium:3.5625%;--awb-spacing-left-medium:3.5625%;--awb-width-small:100%;--awb-order-small:0;--awb-spacing-right-small:2.375%;--awb-spacing-left-small:2.375%;\"><div class=\"fusion-column-wrapper fusion-column-has-shadow fusion-flex-justify-content-flex-start fusion-content-layout-column\"><div class=\"fusion-text fusion-text-1\"><h2 style=\"text-align: left;\"><strong style=\"color: var(--awb-custom_color_6); font-family: var(--awb-text-font-family); font-size: var(--awb-font-size); font-style: var(--awb-text-font-style); letter-spacing: var(--awb-letter-spacing); text-align: var(--awb-content-alignment); text-transform: var(--awb-text-transform);\">Pers\u00f6nliches<\/strong><\/h2>\n<p>Ich bin ein kreativer Mensch und habe vielseitige Interessen. Ich hatte fr\u00fcher immer die Vorstellung, einen gestalterischen Beruf zu w\u00e4hlen. Dieses Ziel verfolgte ich lange und begann Textildesign zu studieren, bis ich \u00fcberraschend den starken Wunsch versp\u00fcrte, Hebamme zu werden. Diese Entscheidung habe ich nie bereut. <span style=\"font-family: var(--awb-text-font-family); font-size: var(--awb-font-size); font-style: var(--awb-text-font-style); letter-spacing: var(--awb-letter-spacing); text-align: var(--awb-content-alignment); text-transform: var(--awb-text-transform);\">Jede Schwangerschaft, Geburt und nachgeburtliche Begleitung <\/span><span style=\"font-family: var(--awb-text-font-family); font-size: var(--awb-font-size); font-style: var(--awb-text-font-style); letter-spacing: var(--awb-letter-spacing); text-align: var(--awb-content-alignment); text-transform: var(--awb-text-transform);\"> unterscheiden sich voneinander. Gerade dieses individuelle Eingehen auf jede einzelne Situation, <\/span><span style=\"font-family: var(--awb-text-font-family); font-size: var(--awb-font-size); font-style: var(--awb-text-font-style); letter-spacing: var(--awb-letter-spacing); text-align: var(--awb-content-alignment); text-transform: var(--awb-text-transform);\">das z.T. fast &#8222;detektivische&#8220; Suchen nach L\u00f6sungen f\u00fcr Mutter, Kind, Vater und Familie fasziniert mich in seiner Komplexit\u00e4t.                                                                                     <\/span><span style=\"font-family: var(--awb-text-font-family); font-size: var(--awb-font-size); font-style: var(--awb-text-font-style); letter-spacing: var(--awb-letter-spacing); text-align: var(--awb-content-alignment); text-transform: var(--awb-text-transform);\">Dass ich in den ersten Momenten eines neuen Lebenskapitels helfend und wirksam zum Gelingen der jeweiligen <\/span><span style=\"font-family: var(--awb-text-font-family); font-size: var(--awb-font-size); font-style: var(--awb-text-font-style); letter-spacing: var(--awb-letter-spacing); text-align: var(--awb-content-alignment); text-transform: var(--awb-text-transform);\">Situation beitragen kann, empfinde ich als begl\u00fcckend<\/span><span style=\"font-family: var(--awb-text-font-family); font-size: var(--awb-font-size); font-style: var(--awb-text-font-style); letter-spacing: var(--awb-letter-spacing); text-align: var(--awb-content-alignment); text-transform: var(--awb-text-transform);\"> und freue mich \u00fcber jede Familie, die ich begleiten darf<\/span><span style=\"font-family: var(--awb-text-font-family); font-size: var(--awb-font-size); font-style: var(--awb-text-font-style); letter-spacing: var(--awb-letter-spacing); text-align: var(--awb-content-alignment); text-transform: var(--awb-text-transform);\">.                                                                   Ich bin selber Mutter von 2 Kindern (5j und 8j) und einem Sternenkind und lebe zusammen mit meiner Familie in Z\u00fcrich Albisrieden.<\/span><\/p>\n<h2 style=\"text-align: left;\"><strong style=\"color: var(--awb-custom_color_6); font-family: var(--awb-text-font-family); font-size: var(--awb-font-size); font-style: var(--awb-text-font-style); letter-spacing: var(--awb-letter-spacing); text-align: var(--awb-content-alignment); text-transform: var(--awb-text-transform);\">Werdegang<\/strong><\/h2>\n<ul>\n<li style=\"text-align: left;\"><span style=\"font-size: 20px; font-family: Dosis; font-weight: 400;\" data-fusion-font=\"true\" data-fusion-google-font=\"Dosis\" data-fusion-google-variant=\"400\">Erlangen der Eidgen\u00f6ssischen Maturit\u00e4t (2007)<\/span><\/li>\n<li style=\"text-align: left;\"><span style=\"font-size: 20px; font-family: Dosis; font-weight: 400;\" data-fusion-font=\"true\" data-fusion-google-font=\"Dosis\" data-fusion-google-variant=\"400\">1. Bachelor-Studienjahr Textildesign an der HSLU (2008-2009)<\/span><\/li>\n<li style=\"text-align: left;\"><span style=\"font-size: 20px; font-family: Dosis; font-weight: 400;\" data-fusion-font=\"true\" data-fusion-google-font=\"Dosis\" data-fusion-google-variant=\"400\">Bachelorstudium in Hebamme FH (2011-2014)<\/span><\/li>\n<li style=\"text-align: left;\"><span style=\"font-size: 20px; font-family: Dosis; font-weight: 400;\" data-fusion-font=\"true\" data-fusion-google-font=\"Dosis\" data-fusion-google-variant=\"400\">Festanstellung als diplomierte Hebamme FH im Stadtspital<\/span><br \/><span style=\"font-size: 20px; font-family: Dosis; font-weight: 400;\" data-fusion-font=\"true\" data-fusion-google-font=\"Dosis\" data-fusion-google-variant=\"400\">Triemli Z\u00fcrich &#8211; Geb\u00e4rabteilung und Wochenbettabteilung (2014-2018)<\/span><\/li>\n<li style=\"text-align: left;\"><span style=\"font-size: 20px; font-family: Dosis; font-weight: 400;\" data-fusion-font=\"true\" data-fusion-google-font=\"Dosis\" data-fusion-google-variant=\"400\">CAS Stillberatung an der BFH mit IBCLC-Zertifzierung (2017-2018)<\/span><\/li>\n<li style=\"text-align: left;\"><span style=\"font-size: 20px; font-family: Dosis; font-weight: 400;\" data-fusion-font=\"true\" data-fusion-google-font=\"Dosis\" data-fusion-google-variant=\"400\">Selbst\u00e4ndige Berufsaus\u00fcbung im Kanton Z\u00fcrich (seit Januar 2019)<\/span><\/li>\n<li style=\"text-align: left;\"><span style=\"font-size: 20px; font-family: Dosis; font-weight: 400;\" data-fusion-font=\"true\" data-fusion-google-font=\"Dosis\" data-fusion-google-variant=\"400\"><a href=\"https:\/\/www.elternwerden-zuerich.ch\/\" target=\"_blank\" rel=\"noopener\">Interdisziplin\u00e4rer Elternvorbereitungskurs in der Gruppe<\/a> (Oktober 2022-Mai 2024)<\/span><\/li>\n<li>Rezertifizierung des IBCLC Titels (2023)<\/li>\n<\/ul>\n<\/div><\/div><\/div><div class=\"fusion-layout-column fusion_builder_column fusion-builder-column-1 fusion_builder_column_1_3 1_3 fusion-flex-column\" style=\"--awb-bg-size:cover;--awb-width-large:33.333333333333%;--awb-margin-top-large:0px;--awb-spacing-right-large:7.125%;--awb-margin-bottom-large:20px;--awb-spacing-left-large:7.125%;--awb-width-medium:33.333333333333%;--awb-order-medium:0;--awb-spacing-right-medium:7.125%;--awb-spacing-left-medium:7.125%;--awb-width-small:100%;--awb-order-small:0;--awb-spacing-right-small:2.375%;--awb-spacing-left-small:2.375%;\"><div class=\"fusion-column-wrapper fusion-column-has-shadow fusion-flex-justify-content-flex-start fusion-content-layout-column\"><div class=\"fusion-image-element \" style=\"--awb-caption-title-font-family:var(--h2_typography-font-family);--awb-caption-title-font-weight:var(--h2_typography-font-weight);--awb-caption-title-font-style:var(--h2_typography-font-style);--awb-caption-title-size:var(--h2_typography-font-size);--awb-caption-title-transform:var(--h2_typography-text-transform);--awb-caption-title-line-height:var(--h2_typography-line-height);--awb-caption-title-letter-spacing:var(--h2_typography-letter-spacing);\"><span class=\" fusion-imageframe imageframe-none imageframe-1 hover-type-zoomin\" style=\"border-radius:10px;\"><img decoding=\"async\" width=\"1334\" height=\"2000\" alt=\"Judith Suta\" title=\"23-03 Judith Portraits 006\" src=\"https:\/\/bauchbewohner.ch\/wp-content\/uploads\/2024\/03\/23-03-Judith-Portraits-006.jpg\" data-orig-src=\"https:\/\/bauchbewohner.ch\/wp-content\/uploads\/2024\/03\/23-03-Judith-Portraits-006.jpg\" class=\"lazyload img-responsive wp-image-2721\" srcset=\"data:image\/svg+xml,%3Csvg%20xmlns%3D%27http%3A%2F%2Fwww.w3.org%2F2000%2Fsvg%27%20width%3D%271334%27%20height%3D%272000%27%20viewBox%3D%270%200%201334%202000%27%3E%3Crect%20width%3D%271334%27%20height%3D%272000%27%20fill-opacity%3D%220%22%2F%3E%3C%2Fsvg%3E\" data-srcset=\"https:\/\/bauchbewohner.ch\/wp-content\/uploads\/2024\/03\/23-03-Judith-Portraits-006-200x300.jpg 200w, https:\/\/bauchbewohner.ch\/wp-content\/uploads\/2024\/03\/23-03-Judith-Portraits-006-400x600.jpg 400w, https:\/\/bauchbewohner.ch\/wp-content\/uploads\/2024\/03\/23-03-Judith-Portraits-006-600x900.jpg 600w, https:\/\/bauchbewohner.ch\/wp-content\/uploads\/2024\/03\/23-03-Judith-Portraits-006-800x1199.jpg 800w, https:\/\/bauchbewohner.ch\/wp-content\/uploads\/2024\/03\/23-03-Judith-Portraits-006-1200x1799.jpg 1200w, https:\/\/bauchbewohner.ch\/wp-content\/uploads\/2024\/03\/23-03-Judith-Portraits-006.jpg 1334w\" data-sizes=\"auto\" data-orig-sizes=\"(max-width: 700px) 100vw, 400px\" \/><\/span><\/div><\/div><\/div><div class=\"fusion-layout-column fusion_builder_column fusion-builder-column-2 fusion_builder_column_1_1 1_1 fusion-flex-column\" style=\"--awb-bg-size:cover;--awb-width-large:100%;--awb-margin-top-large:0px;--awb-spacing-right-large:2.375%;--awb-margin-bottom-large:20px;--awb-spacing-left-large:2.375%;--awb-width-medium:100%;--awb-order-medium:0;--awb-spacing-right-medium:2.375%;--awb-spacing-left-medium:2.375%;--awb-width-small:100%;--awb-order-small:0;--awb-spacing-right-small:2.375%;--awb-spacing-left-small:2.375%;\"><div class=\"fusion-column-wrapper fusion-column-has-shadow fusion-flex-justify-content-flex-start fusion-content-layout-column\"><div class=\"fusion-text fusion-text-2\"><h2 style=\"text-align: left;\"><strong style=\"font-family: var(--awb-text-font-family); font-size: var(--awb-font-size); font-style: var(--awb-text-font-style); letter-spacing: var(--awb-letter-spacing); text-align: var(--awb-content-alignment); text-transform: var(--awb-text-transform); color: var(--awb-custom_color_6);\">Weiterbildungen<\/strong><\/h2>\n<ul>\n<li>CAS Still- und Laktationsberatung mit IBCLC Zertifizierung, Berner Fachhochschule (2017-2018)<\/li>\n<li style=\"text-align: left;\">&#8222;Emotionale Narben aus Schwangerschaft und Geburt aufl\u00f6sen&#8220;, Brigitte Meissner (2020)<\/li>\n<li>Fachkraft f\u00fcr Formula ern\u00e4hrte S\u00e4uglinge, Lucia Cremer (2021)<\/li>\n<li>&#8222;Einf\u00fchrung in die Beikost&#8220;, Ingrid Kloster (2021)<\/li>\n<li>&#8222;Das zu kurze Zungenband &#8211; ein Trend oder ein ernstzunehmendes Problem?&#8220;, Nest (2021)<\/li>\n<li>&#8222;DAS ZU KURZE ZUNGENBAND in der Arbeit von IBCLCs und Hebammen&#8220;, Martha Guoth-Gumberger und Daniela Karall (2021)<\/li>\n<li>&#8222;Myofunktionelle Therapie f\u00fcr das Stillen&#8220;, Sabine Fuhlbr\u00fcck (2022)<\/li>\n<li>&#8222;Der Beckenboden \u2013 Pr\u00e4vention und Therapie in der Schwangerschaft, Wochenbett und R\u00fcckbildung&#8220;, Evija Zubina (2024)<\/li>\n<li>&#8222;Orofaziale Stimulation bei S\u00e4uglingen&#8220;, Sabine Stehmeier (2024)<\/li>\n<li>&#8222;Rektusdiastase in der postnatalen Phase&#8220;, Evija Zubina (2024)<\/li>\n<li>&#8222;Aku-Taping&#8220;, ZHAW (2025)<\/li>\n<li>&#8222;Fr\u00fchkindliche Regulationsst\u00f6rungen mit Schwerpunkt F\u00fctterst\u00f6rungen&#8220;, Dr. med. Nikolaus von Hofacker (2025)<\/li>\n<\/ul>\n<\/div><\/div><\/div><\/div><\/div>\n","protected":false},"excerpt":{"rendered":"","protected":false},"author":1,"featured_media":0,"parent":0,"menu_order":0,"comment_status":"closed","ping_status":"closed","template":"100-width.php","meta":{"content-type":"","inline_featured_image":false,"footnotes":""},"_links":{"self":[{"href":"https:\/\/bauchbewohner.ch\/index.php\/wp-json\/wp\/v2\/pages\/231"}],"collection":[{"href":"https:\/\/bauchbewohner.ch\/index.php\/wp-json\/wp\/v2\/pages"}],"about":[{"href":"https:\/\/bauchbewohner.ch\/index.php\/wp-json\/wp\/v2\/types\/page"}],"author":[{"embeddable":true,"href":"https:\/\/bauchbewohner.ch\/index.php\/wp-json\/wp\/v2\/users\/1"}],"replies":[{"embeddable":true,"href":"https:\/\/bauchbewohner.ch\/index.php\/wp-json\/wp\/v2\/comments?post=231"}],"version-history":[{"count":146,"href":"https:\/\/bauchbewohner.ch\/index.php\/wp-json\/wp\/v2\/pages\/231\/revisions"}],"predecessor-version":[{"id":2738,"href":"https:\/\/bauchbewohner.ch\/index.php\/wp-json\/wp\/v2\/pages\/231\/revisions\/2738"}],"wp:attachment":[{"href":"https:\/\/bauchbewohner.ch\/index.php\/wp-json\/wp\/v2\/media?parent=231"}],"curies":[{"name":"wp","href":"https:\/\/api.w.org\/{rel}","templated":true}]}}

Über mich

<div class="fusion-fullwidth fullwidth-box fusion-builder-row-1 fusion-flex-container has-pattern-background has-mask-background nonhundred-percent-fullwidth non-hundred-percent-height-scrolling fusion-animated" style="--link_hover_color: var(--awb-custom_color_6);--awb-border-sizes-top:0;--awb-border-sizes-bottom:0;--awb-border-sizes-left:0;--awb-border-sizes-right:0;--awb-border-color:var(--awb-custom_color_6);--awb-border-radius-top-left:0px;--awb-border-radius-top-right:0px;--awb-border-radius-bottom-right:0px;--awb-border-radius-bottom-left:0px;--awb-padding-top:30px;--awb-padding-right:30px;--awb-padding-bottom:0px;--awb-padding-left:30px;--awb-margin-top:-60px;--awb-margin-bottom:50px;--awb-background-color:rgba(245,223,187,0);--awb-background-image:linear-gradient(180deg, var(--awb-custom_color_3) 0%,rgba(255,255,255,0) 100%);--awb-flex-wrap:wrap;" data-animationType="fadeInUp" data-animationDuration="1.0" data-animationOffset="top-into-view" ><div class="fusion-builder-row fusion-row fusion-flex-align-items-center fusion-flex-justify-content-center fusion-flex-content-wrap" style="max-width:1365px;margin-left: calc(-5% / 2 );margin-right: calc(-5% / 2 );"><div class="fusion-layout-column fusion_builder_column fusion-builder-column-0 fusion_builder_column_2_3 2_3 fusion-flex-column" style="--awb-bg-size:cover;--awb-width-large:66.666666666667%;--awb-margin-top-large:0px;--awb-spacing-right-large:3.5625%;--awb-margin-bottom-large:0px;--awb-spacing-left-large:3.5625%;--awb-width-medium:66.666666666667%;--awb-order-medium:0;--awb-spacing-right-medium:3.5625%;--awb-spacing-left-medium:3.5625%;--awb-width-small:100%;--awb-order-small:0;--awb-spacing-right-small:2.375%;--awb-spacing-left-small:2.375%;"><div class="fusion-column-wrapper fusion-column-has-shadow fusion-flex-justify-content-flex-start fusion-content-layout-column"><div class="fusion-text fusion-text-1"><h2 style="text-align: left;"><strong style="color: var(--awb-custom_color_6); font-family: var(--awb-text-font-family); font-size: var(--awb-font-size); font-style: var(--awb-text-font-style); letter-spacing: var(--awb-letter-spacing); text-align: var(--awb-content-alignment); text-transform: var(--awb-text-transform);">Persönliches</strong></h2>
<p>Ich bin ein kreativer Mensch und habe vielseitige Interessen. Ich hatte früher immer die Vorstellung, einen gestalterischen Beruf zu wählen. Dieses Ziel verfolgte ich lange und begann Textildesign zu studieren, bis ich überraschend den starken Wunsch verspürte, Hebamme zu werden. Diese Entscheidung habe ich nie bereut. <span style="font-family: var(--awb-text-font-family); font-size: var(--awb-font-size); font-style: var(--awb-text-font-style); letter-spacing: var(--awb-letter-spacing); text-align: var(--awb-content-alignment); text-transform: var(--awb-text-transform);">Jede Schwangerschaft, Geburt und nachgeburtliche Begleitung </span><span style="font-family: var(--awb-text-font-family); font-size: var(--awb-font-size); font-style: var(--awb-text-font-style); letter-spacing: var(--awb-letter-spacing); text-align: var(--awb-content-alignment); text-transform: var(--awb-text-transform);"> unterscheiden sich voneinander. Gerade dieses individuelle Eingehen auf jede einzelne Situation, </span><span style="font-family: var(--awb-text-font-family); font-size: var(--awb-font-size); font-style: var(--awb-text-font-style); letter-spacing: var(--awb-letter-spacing); text-align: var(--awb-content-alignment); text-transform: var(--awb-text-transform);">das z.T. fast &#8222;detektivische&#8220; Suchen nach Lösungen für Mutter, Kind, Vater und Familie fasziniert mich in seiner Komplexität.                                                                                     </span><span style="font-family: var(--awb-text-font-family); font-size: var(--awb-font-size); font-style: var(--awb-text-font-style); letter-spacing: var(--awb-letter-spacing); text-align: var(--awb-content-alignment); text-transform: var(--awb-text-transform);">Dass ich in den ersten Momenten eines neuen Lebenskapitels helfend und wirksam zum Gelingen der jeweiligen </span><span style="font-family: var(--awb-text-font-family); font-size: var(--awb-font-size); font-style: var(--awb-text-font-style); letter-spacing: var(--awb-letter-spacing); text-align: var(--awb-content-alignment); text-transform: var(--awb-text-transform);">Situation beitragen kann, empfinde ich als beglückend</span><span style="font-family: var(--awb-text-font-family); font-size: var(--awb-font-size); font-style: var(--awb-text-font-style); letter-spacing: var(--awb-letter-spacing); text-align: var(--awb-content-alignment); text-transform: var(--awb-text-transform);"> und freue mich über jede Familie, die ich begleiten darf</span><span style="font-family: var(--awb-text-font-family); font-size: var(--awb-font-size); font-style: var(--awb-text-font-style); letter-spacing: var(--awb-letter-spacing); text-align: var(--awb-content-alignment); text-transform: var(--awb-text-transform);">.                                                                   Ich bin selber Mutter von 2 Kindern (5j und 8j) und einem Sternenkind und lebe zusammen mit meiner Familie in Zürich Albisrieden.</span></p>
<h2 style="text-align: left;"><strong style="color: var(--awb-custom_color_6); font-family: var(--awb-text-font-family); font-size: var(--awb-font-size); font-style: var(--awb-text-font-style); letter-spacing: var(--awb-letter-spacing); text-align: var(--awb-content-alignment); text-transform: var(--awb-text-transform);">Werdegang</strong></h2>
<ul>
<li style="text-align: left;"><span style="font-size: 20px; font-family: Dosis; font-weight: 400;" data-fusion-font="true" data-fusion-google-font="Dosis" data-fusion-google-variant="400">Erlangen der Eidgenössischen Maturität (2007)</span></li>
<li style="text-align: left;"><span style="font-size: 20px; font-family: Dosis; font-weight: 400;" data-fusion-font="true" data-fusion-google-font="Dosis" data-fusion-google-variant="400">1. Bachelor-Studienjahr Textildesign an der HSLU (2008-2009)</span></li>
<li style="text-align: left;"><span style="font-size: 20px; font-family: Dosis; font-weight: 400;" data-fusion-font="true" data-fusion-google-font="Dosis" data-fusion-google-variant="400">Bachelorstudium in Hebamme FH (2011-2014)</span></li>
<li style="text-align: left;"><span style="font-size: 20px; font-family: Dosis; font-weight: 400;" data-fusion-font="true" data-fusion-google-font="Dosis" data-fusion-google-variant="400">Festanstellung als diplomierte Hebamme FH im Stadtspital</span><br /><span style="font-size: 20px; font-family: Dosis; font-weight: 400;" data-fusion-font="true" data-fusion-google-font="Dosis" data-fusion-google-variant="400">Triemli Zürich &#8211; Gebärabteilung und Wochenbettabteilung (2014-2018)</span></li>
<li style="text-align: left;"><span style="font-size: 20px; font-family: Dosis; font-weight: 400;" data-fusion-font="true" data-fusion-google-font="Dosis" data-fusion-google-variant="400">CAS Stillberatung an der BFH mit IBCLC-Zertifzierung (2017-2018)</span></li>
<li style="text-align: left;"><span style="font-size: 20px; font-family: Dosis; font-weight: 400;" data-fusion-font="true" data-fusion-google-font="Dosis" data-fusion-google-variant="400">Selbständige Berufsausübung im Kanton Zürich (seit Januar 2019)</span></li>
<li style="text-align: left;"><span style="font-size: 20px; font-family: Dosis; font-weight: 400;" data-fusion-font="true" data-fusion-google-font="Dosis" data-fusion-google-variant="400"><a href="https://www.elternwerden-zuerich.ch/" target="_blank" rel="noopener">Interdisziplinärer Elternvorbereitungskurs in der Gruppe</a> (Oktober 2022-Mai 2024)</span></li>
<li>Rezertifizierung des IBCLC Titels (2023)</li>
</ul>
</div></div></div><div class="fusion-layout-column fusion_builder_column fusion-builder-column-1 fusion_builder_column_1_3 1_3 fusion-flex-column" style="--awb-bg-size:cover;--awb-width-large:33.333333333333%;--awb-margin-top-large:0px;--awb-spacing-right-large:7.125%;--awb-margin-bottom-large:20px;--awb-spacing-left-large:7.125%;--awb-width-medium:33.333333333333%;--awb-order-medium:0;--awb-spacing-right-medium:7.125%;--awb-spacing-left-medium:7.125%;--awb-width-small:100%;--awb-order-small:0;--awb-spacing-right-small:2.375%;--awb-spacing-left-small:2.375%;"><div class="fusion-column-wrapper fusion-column-has-shadow fusion-flex-justify-content-flex-start fusion-content-layout-column"><div class="fusion-image-element " style="--awb-caption-title-font-family:var(--h2_typography-font-family);--awb-caption-title-font-weight:var(--h2_typography-font-weight);--awb-caption-title-font-style:var(--h2_typography-font-style);--awb-caption-title-size:var(--h2_typography-font-size);--awb-caption-title-transform:var(--h2_typography-text-transform);--awb-caption-title-line-height:var(--h2_typography-line-height);--awb-caption-title-letter-spacing:var(--h2_typography-letter-spacing);"><span class=" fusion-imageframe imageframe-none imageframe-1 hover-type-zoomin" style="border-radius:10px;"><img decoding="async" width="1334" height="2000" alt="Judith Suta" title="23-03 Judith Portraits 006" src="https://bauchbewohner.ch/wp-content/uploads/2024/03/23-03-Judith-Portraits-006.jpg" data-orig-src="https://bauchbewohner.ch/wp-content/uploads/2024/03/23-03-Judith-Portraits-006.jpg" class="lazyload img-responsive wp-image-2721" srcset="data:image/svg+xml,%3Csvg%20xmlns%3D%27http%3A%2F%2Fwww.w3.org%2F2000%2Fsvg%27%20width%3D%271334%27%20height%3D%272000%27%20viewBox%3D%270%200%201334%202000%27%3E%3Crect%20width%3D%271334%27%20height%3D%272000%27%20fill-opacity%3D%220%22%2F%3E%3C%2Fsvg%3E" data-srcset="https://bauchbewohner.ch/wp-content/uploads/2024/03/23-03-Judith-Portraits-006-200x300.jpg 200w, https://bauchbewohner.ch/wp-content/uploads/2024/03/23-03-Judith-Portraits-006-400x600.jpg 400w, https://bauchbewohner.ch/wp-content/uploads/2024/03/23-03-Judith-Portraits-006-600x900.jpg 600w, https://bauchbewohner.ch/wp-content/uploads/2024/03/23-03-Judith-Portraits-006-800x1199.jpg 800w, https://bauchbewohner.ch/wp-content/uploads/2024/03/23-03-Judith-Portraits-006-1200x1799.jpg 1200w, https://bauchbewohner.ch/wp-content/uploads/2024/03/23-03-Judith-Portraits-006.jpg 1334w" data-sizes="auto" data-orig-sizes="(max-width: 700px) 100vw, 400px" /></span></div></div></div><div class="fusion-layout-column fusion_builder_column fusion-builder-column-2 fusion_builder_column_1_1 1_1 fusion-flex-column" style="--awb-bg-size:cover;--awb-width-large:100%;--awb-margin-top-large:0px;--awb-spacing-right-large:2.375%;--awb-margin-bottom-large:20px;--awb-spacing-left-large:2.375%;--awb-width-medium:100%;--awb-order-medium:0;--awb-spacing-right-medium:2.375%;--awb-spacing-left-medium:2.375%;--awb-width-small:100%;--awb-order-small:0;--awb-spacing-right-small:2.375%;--awb-spacing-left-small:2.375%;"><div class="fusion-column-wrapper fusion-column-has-shadow fusion-flex-justify-content-flex-start fusion-content-layout-column"><div class="fusion-text fusion-text-2"><h2 style="text-align: left;"><strong style="font-family: var(--awb-text-font-family); font-size: var(--awb-font-size); font-style: var(--awb-text-font-style); letter-spacing: var(--awb-letter-spacing); text-align: var(--awb-content-alignment); text-transform: var(--awb-text-transform); color: var(--awb-custom_color_6);">Weiterbildungen</strong></h2>
<ul>
<li>CAS Still- und Laktationsberatung mit IBCLC Zertifizierung, Berner Fachhochschule (2017-2018)</li>
<li style="text-align: left;">&#8222;Emotionale Narben aus Schwangerschaft und Geburt auflösen&#8220;, Brigitte Meissner (2020)</li>
<li>Fachkraft für Formula ernährte Säuglinge, Lucia Cremer (2021)</li>
<li>&#8222;Einführung in die Beikost&#8220;, Ingrid Kloster (2021)</li>
<li>&#8222;Das zu kurze Zungenband &#8211; ein Trend oder ein ernstzunehmendes Problem?&#8220;, Nest (2021)</li>
<li>&#8222;DAS ZU KURZE ZUNGENBAND in der Arbeit von IBCLCs und Hebammen&#8220;, Martha Guoth-Gumberger und Daniela Karall (2021)</li>
<li>&#8222;Myofunktionelle Therapie für das Stillen&#8220;, Sabine Fuhlbrück (2022)</li>
<li>&#8222;Der Beckenboden – Prävention und Therapie in der Schwangerschaft, Wochenbett und Rückbildung&#8220;, Evija Zubina (2024)</li>
<li>&#8222;Orofaziale Stimulation bei Säuglingen&#8220;, Sabine Stehmeier (2024)</li>
<li>&#8222;Rektusdiastase in der postnatalen Phase&#8220;, Evija Zubina (2024)</li>
<li>&#8222;Aku-Taping&#8220;, ZHAW (2025)</li>
<li>&#8222;Frühkindliche Regulationsstörungen mit Schwerpunkt Fütterstörungen&#8220;, Dr. med. Nikolaus von Hofacker (2025)</li>
</ul>
</div></div></div></div></div>
