{"id":3,"date":"2021-09-26T15:52:13","date_gmt":"2021-09-26T15:52:13","guid":{"rendered":"https:\/\/bauchbewohner.ch\/?page_id=3"},"modified":"2024-03-18T15:56:55","modified_gmt":"2024-03-18T15:56:55","slug":"datenschutz","status":"publish","type":"page","link":"https:\/\/bauchbewohner.ch\/index.php\/datenschutz\/","title":{"rendered":"Datenschutzerkl\u00e4rung"},"content":{"rendered":"<div class=\"fusion-fullwidth fullwidth-box fusion-builder-row-1 fusion-flex-container nonhundred-percent-fullwidth non-hundred-percent-height-scrolling\" style=\"--awb-border-radius-top-left:0px;--awb-border-radius-top-right:0px;--awb-border-radius-bottom-right:0px;--awb-border-radius-bottom-left:0px;--awb-flex-wrap:wrap;\" ><div class=\"fusion-builder-row fusion-row fusion-flex-align-items-flex-start fusion-flex-content-wrap\" style=\"max-width:calc( 1300px + 0px );margin-left: calc(-0px \/ 2 );margin-right: calc(-0px \/ 2 );\"><div class=\"fusion-layout-column fusion_builder_column fusion-builder-column-0 fusion_builder_column_1_1 1_1 fusion-flex-column\" style=\"--awb-bg-size:cover;--awb-width-large:100%;--awb-margin-top-large:0px;--awb-spacing-right-large:0px;--awb-margin-bottom-large:0px;--awb-spacing-left-large:0px;--awb-width-medium:100%;--awb-spacing-right-medium:0px;--awb-spacing-left-medium:0px;--awb-width-small:100%;--awb-spacing-right-small:0px;--awb-spacing-left-small:0px;\"><div class=\"fusion-column-wrapper fusion-flex-justify-content-flex-start fusion-content-layout-column\"><div class=\"fusion-text fusion-text-1\"><\/p>\n<h2 class=\"wp-block-heading\">&nbsp;<\/h2>\n<h3>Datenschutzerkl\u00e4rung<\/h3>\n<h6>1 Datenschutzerkl\u00e4rung<\/h6>\n<p style=\"color: #000000; font-size: 18px;\" data-fusion-font=\"true\">Die vorliegende Datenschutzerkl\u00e4rung kl\u00e4rt Sie \u00fcber die Art, den Umfang und den Zweck der <span style=\"font-family: var(--h2_typography-font-family); font-style: var(--h2_typography-font-style,normal); letter-spacing: var(--h2_typography-letter-spacing); text-transform: var(--h2_typography-text-transform); text-align: var(--awb-content-alignment);\" data-fusion-font=\"true\">Erhebung und Verwendung personenbezogener Daten auf unserer Website bauchbewohner.ch<\/span><span style=\"font-family: var(--h2_typography-font-family); font-style: var(--h2_typography-font-style,normal); letter-spacing: var(--h2_typography-letter-spacing); text-transform: var(--h2_typography-text-transform); text-align: var(--awb-content-alignment);\" data-fusion-font=\"true\"> auf und gibt \u00fcber <\/span><span style=\"font-family: var(--h2_typography-font-family); font-style: var(--h2_typography-font-style,normal); letter-spacing: var(--h2_typography-letter-spacing); text-transform: var(--h2_typography-text-transform); text-align: var(--awb-content-alignment);\">die Ihnen zustehenden Rechte Auskunft. Diese Rechte richten sich nach den anwendbaren <\/span><span style=\"font-family: var(--h2_typography-font-family); font-style: var(--h2_typography-font-style,normal); letter-spacing: var(--h2_typography-letter-spacing); text-transform: var(--h2_typography-text-transform); text-align: var(--awb-content-alignment);\">Datenschutzgesetzen.<\/span><\/p>\n<h6>2 Verantwortlicher f\u00fcr die Datenbearbeitung<\/h6>\n<p style=\"color: #000000; font-size: 18px;\" data-fusion-font=\"true\">Verantwortlicher f\u00fcr die Datenbearbeitung auf dieser Website und Ansprechpartner f\u00fcr <span style=\"font-family: var(--h2_typography-font-family); font-style: var(--h2_typography-font-style,normal); letter-spacing: var(--h2_typography-letter-spacing); text-transform: var(--h2_typography-text-transform); text-align: var(--awb-content-alignment);\">Datenschutzanliegen ist: <\/span><span style=\"font-family: var(--h2_typography-font-family); font-style: var(--h2_typography-font-style,normal); letter-spacing: var(--h2_typography-letter-spacing); text-align: var(--awb-content-alignment); text-transform: var(--h2_typography-text-transform);\">Judith Suta<\/span><\/p>\n<h6>3 Datenerfassung auf dieser Website<\/h6>\n<h6 style=\"font-size: 20px; line-height: 0px;\" data-fusion-font=\"true\">3.1 Logfiles<\/h6>\n<p style=\"color: #000000; font-size: 18px;\" data-fusion-font=\"true\">Unsere Website wird von Metanet (www.metanet.ch) gehostet. <span style=\"font-family: var(--awb-text-font-family); font-style: var(--awb-text-font-style); letter-spacing: var(--awb-letter-spacing); text-align: var(--awb-content-alignment); text-transform: var(--awb-text-transform);\">Zur Optimierung und Aufrechterhaltung unserer Website protokollieren wir technische Fehler, <\/span><span style=\"font-family: var(--awb-text-font-family); font-style: var(--awb-text-font-style); letter-spacing: var(--awb-letter-spacing); text-align: var(--awb-content-alignment); text-transform: var(--awb-text-transform);\">die beim Aufrufen unserer Website allenfalls auftreten. Ferner werden bei der Nutzung dieser <\/span><span style=\"font-family: var(--awb-text-font-family); font-style: var(--awb-text-font-style); letter-spacing: var(--awb-letter-spacing); text-align: var(--awb-content-alignment); text-transform: var(--awb-text-transform);\">Website automatisch Informationen erhoben, die der Browser Ihres Endger\u00e4ts an unseren <\/span><span style=\"font-family: var(--awb-text-font-family); font-style: var(--awb-text-font-style); letter-spacing: var(--awb-letter-spacing); text-align: var(--awb-content-alignment); text-transform: var(--awb-text-transform);\">Host-Provider \u00fcbermittelt. <\/span><\/p>\n<p style=\"color: #000000; font-size: 18px;\" data-fusion-font=\"true\"><span style=\"font-family: var(--awb-text-font-family); font-style: var(--awb-text-font-style); letter-spacing: var(--awb-letter-spacing); text-align: var(--awb-content-alignment); text-transform: var(--awb-text-transform);\">Dies sind:<\/span><\/p>\n<p style=\"color: #000000; font-size: 18px;\" data-fusion-font=\"true\">IP-Adresse und Betriebssystem Ihres Endger\u00e4ts, <span style=\"font-family: var(--awb-text-font-family); font-style: var(--awb-text-font-style); letter-spacing: var(--awb-letter-spacing); text-align: var(--awb-content-alignment); text-transform: var(--awb-text-transform);\">Browsertyp, Version, Sprache, <\/span><span style=\"font-family: var(--awb-text-font-family); font-style: var(--awb-text-font-style); letter-spacing: var(--awb-letter-spacing); text-align: var(--awb-content-alignment); text-transform: var(--awb-text-transform);\">Datum und Uhrzeit der Serveranfrage. <\/span><span style=\"font-family: var(--awb-text-font-family); font-style: var(--awb-text-font-style); letter-spacing: var(--awb-letter-spacing); text-align: var(--awb-content-alignment); text-transform: var(--awb-text-transform);\">Diese Daten werden von unserem Host-Provider erhoben und gespeichert, um Prozesse und <\/span><span style=\"font-family: var(--awb-text-font-family); font-style: var(--awb-text-font-style); letter-spacing: var(--awb-letter-spacing); text-align: var(--awb-content-alignment); text-transform: var(--awb-text-transform);\">Abl\u00e4ufe insbesondere in Zusammenhang mit der Nutzung unserer Website und der <\/span><span style=\"font-family: var(--awb-text-font-family); font-style: var(--awb-text-font-style); letter-spacing: var(--awb-letter-spacing); text-align: var(--awb-content-alignment); text-transform: var(--awb-text-transform);\">Sicherheit und Stabilit\u00e4t des Computersystems optimieren zu k\u00f6nnen. <\/span><span style=\"font-family: var(--awb-text-font-family); font-style: var(--awb-text-font-style); letter-spacing: var(--awb-letter-spacing); text-align: var(--awb-content-alignment); text-transform: var(--awb-text-transform);\">Weitere Informationen finden Sie in der Datenschutzerkl\u00e4rung von Metanet unter: <\/span><span style=\"font-family: var(--awb-text-font-family); font-style: var(--awb-text-font-style); letter-spacing: var(--awb-letter-spacing); text-align: var(--awb-content-alignment); text-transform: var(--awb-text-transform);\">https:\/\/www.metanet.ch\/de\/ueber-metanet\/datenschutzerklaerung<\/span><\/p>\n<h6 style=\"font-size: 20px; line-height: 0px;\" data-fusion-font=\"true\">3.2 Kontaktformular<\/h6>\n<p style=\"color: #000000; font-size: 18px;\" data-fusion-font=\"true\">Wenn Sie unser Kontaktformular benutzen, werden Ihre Angaben aus dem Anfrageformular <span style=\"font-family: var(--awb-text-font-family); font-style: var(--awb-text-font-style); letter-spacing: var(--awb-letter-spacing); text-align: var(--awb-content-alignment); text-transform: var(--awb-text-transform);\">zur Bearbeitung der Anfrage und f\u00fcr den Fall von Anschlussfragen von uns bearbeitet. In der <\/span><span style=\"font-family: var(--awb-text-font-family); font-style: var(--awb-text-font-style); letter-spacing: var(--awb-letter-spacing); text-align: var(--awb-content-alignment); text-transform: var(--awb-text-transform);\">Regel ben\u00f6tigen wir folgende Angaben:<\/span><\/p>\n<p style=\"color: #000000; font-size: 18px;\" data-fusion-font=\"true\">Vor- und Nachname, <span style=\"font-family: var(--awb-text-font-family); font-style: var(--awb-text-font-style); letter-spacing: var(--awb-letter-spacing); text-align: var(--awb-content-alignment); text-transform: var(--awb-text-transform);\">E-Mail-Adresse, <\/span><span style=\"font-family: var(--awb-text-font-family); font-style: var(--awb-text-font-style); letter-spacing: var(--awb-letter-spacing); text-align: var(--awb-content-alignment); text-transform: var(--awb-text-transform);\">Adresse, <\/span><span style=\"font-family: var(--awb-text-font-family); font-style: var(--awb-text-font-style); letter-spacing: var(--awb-letter-spacing); text-align: var(--awb-content-alignment); text-transform: var(--awb-text-transform);\">Telefonnummer, <\/span><span style=\"font-family: var(--awb-text-font-family); font-style: var(--awb-text-font-style); letter-spacing: var(--awb-letter-spacing); text-align: var(--awb-content-alignment); text-transform: var(--awb-text-transform);\">Betreff und <\/span><span style=\"font-family: var(--awb-text-font-family); font-style: var(--awb-text-font-style); letter-spacing: var(--awb-letter-spacing); text-align: var(--awb-content-alignment); text-transform: var(--awb-text-transform);\">Nachrichteninhalt.<\/span><\/p>\n<p style=\"color: #000000; font-size: 18px;\" data-fusion-font=\"true\">Wir verwenden die von Ihnen mitgeteilten Daten, um Ihre Anfrage zu beantworten. Sofern <span style=\"font-family: var(--awb-text-font-family); font-style: var(--awb-text-font-style); letter-spacing: var(--awb-letter-spacing); text-align: var(--awb-content-alignment); text-transform: var(--awb-text-transform);\">die DSGVO anwendbar ist, sind Grundlage f\u00fcr diese Datenbearbeitung Art. 6 Abs. 1 lit. f <\/span><span style=\"font-family: var(--awb-text-font-family); font-style: var(--awb-text-font-style); letter-spacing: var(--awb-letter-spacing); text-align: var(--awb-content-alignment); text-transform: var(--awb-text-transform);\">DSGVO.<\/span><\/p>\n<h6 style=\"font-size: 20px; line-height: 0px;\" data-fusion-font=\"true\">3.3 Cookies<\/h6>\n<p style=\"color: #000000; font-size: 18px;\" data-fusion-font=\"true\">Wir setzen auf unserer Website Cookies ein. Cookies sind kleine Dateien, die auf Ihrem <span style=\"font-family: var(--awb-text-font-family); font-style: var(--awb-text-font-style); letter-spacing: var(--awb-letter-spacing); text-align: var(--awb-content-alignment); text-transform: var(--awb-text-transform);\">Endger\u00e4t abgelegt werden und die Ihr Browser speichert. Einige der von uns verwendeten <\/span><span style=\"font-family: var(--awb-text-font-family); font-style: var(--awb-text-font-style); letter-spacing: var(--awb-letter-spacing); text-align: var(--awb-content-alignment); text-transform: var(--awb-text-transform);\">Cookies werden automatisch gel\u00f6scht, wenn Sie unsere Website verlassen. Andere Cookies <\/span><span style=\"font-family: var(--awb-text-font-family); font-style: var(--awb-text-font-style); letter-spacing: var(--awb-letter-spacing); text-align: var(--awb-content-alignment); text-transform: var(--awb-text-transform);\">bleiben auf Ihrem Endger\u00e4t gespeichert, bis Sie diese l\u00f6schen oder bis sie ablaufen. Diese <\/span><span style=\"font-family: var(--awb-text-font-family); font-style: var(--awb-text-font-style); letter-spacing: var(--awb-letter-spacing); text-align: var(--awb-content-alignment); text-transform: var(--awb-text-transform);\">Cookies erm\u00f6glichen es, Ihren Browser beim n\u00e4chsten Besuch unserer Website <\/span><span style=\"font-family: var(--awb-text-font-family); font-style: var(--awb-text-font-style); letter-spacing: var(--awb-letter-spacing); text-align: var(--awb-content-alignment); text-transform: var(--awb-text-transform);\">wiederzuerkennen. <\/span><span style=\"font-family: var(--awb-text-font-family); font-style: var(--awb-text-font-style); letter-spacing: var(--awb-letter-spacing); text-align: var(--awb-content-alignment); text-transform: var(--awb-text-transform);\">In Ihrem Browser k\u00f6nnen Sie einstellen, dass Sie \u00fcber das Setzen von Cookies vorab <\/span><span style=\"font-family: var(--awb-text-font-family); font-style: var(--awb-text-font-style); letter-spacing: var(--awb-letter-spacing); text-align: var(--awb-content-alignment); text-transform: var(--awb-text-transform);\">informiert werden und im Einzelfall entscheiden k\u00f6nnen, ob Sie die Annahme von Cookies <\/span><span style=\"font-family: var(--awb-text-font-family); font-style: var(--awb-text-font-style); letter-spacing: var(--awb-letter-spacing); text-align: var(--awb-content-alignment); text-transform: var(--awb-text-transform);\">f\u00fcr bestimmte F\u00e4lle oder generell ausschliessen, oder dass Cookies komplett verhindert <\/span><span style=\"font-family: var(--awb-text-font-family); font-style: var(--awb-text-font-style); letter-spacing: var(--awb-letter-spacing); text-align: var(--awb-content-alignment); text-transform: var(--awb-text-transform);\">werden. Dadurch kann die Funktionalit\u00e4t der Website eingeschr\u00e4nkt werden. <\/span><span style=\"font-family: var(--awb-text-font-family); font-style: var(--awb-text-font-style); letter-spacing: var(--awb-letter-spacing); text-align: var(--awb-content-alignment); text-transform: var(--awb-text-transform);\">Cookies, die f\u00fcr den elektronischen Kommunikationsvorgang oder von Ihnen gew\u00fcnschte <\/span><span style=\"font-family: var(--awb-text-font-family); font-style: var(--awb-text-font-style); letter-spacing: var(--awb-letter-spacing); text-align: var(--awb-content-alignment); text-transform: var(--awb-text-transform);\">Funktionen erforderlich sind oder Ihr Benutzererlebnis optimieren, werden \u2013 sofern die <\/span><span style=\"font-family: var(--awb-text-font-family); font-style: var(--awb-text-font-style); letter-spacing: var(--awb-letter-spacing); text-align: var(--awb-content-alignment); text-transform: var(--awb-text-transform);\">DSGVO anwendbar ist \u2013 auf Grundlage von Art. 6 Abs. 1 lit. f DSGVO gespeichert.<\/span><\/p>\n<h6>4 Externe Dienste<\/h6>\n<p style=\"color: #000000; font-size: 18px;\" data-fusion-font=\"true\">Auf unserer Website setzen wir verschiedene Dienste von Drittanbietern ein. Nachfolgend <span style=\"font-family: var(--awb-text-font-family); font-style: var(--awb-text-font-style); letter-spacing: var(--awb-letter-spacing); text-align: var(--awb-content-alignment); text-transform: var(--awb-text-transform);\">legen wir im Einzelnen dar, um welche Dienste es sich handelt, wof\u00fcr wir sie einsetzen und <\/span><span style=\"font-family: var(--awb-text-font-family); font-style: var(--awb-text-font-style); letter-spacing: var(--awb-letter-spacing); text-align: var(--awb-content-alignment); text-transform: var(--awb-text-transform);\">welche Daten gesammelt werden. <\/span><span style=\"font-family: var(--awb-text-font-family); font-style: var(--awb-text-font-style); letter-spacing: var(--awb-letter-spacing); text-align: var(--awb-content-alignment); text-transform: var(--awb-text-transform);\">Die Einbindung externer Dienste kann gem\u00e4ss der aktuellen <\/span><span style=\"font-family: var(--awb-text-font-family); font-style: var(--awb-text-font-style); letter-spacing: var(--awb-letter-spacing); text-align: var(--awb-content-alignment); text-transform: var(--awb-text-transform);\">europ\u00e4ischen Rechtsprechung heikel sein. Die Weitergabe von <\/span><span style=\"font-family: var(--awb-text-font-family); font-style: var(--awb-text-font-style); letter-spacing: var(--awb-letter-spacing); text-align: var(--awb-content-alignment); text-transform: var(--awb-text-transform);\">Personendaten an externe Anbieter (Beispiel: Analytics, Werbung, <\/span><span style=\"font-family: var(--awb-text-font-family); font-style: var(--awb-text-font-style); letter-spacing: var(--awb-letter-spacing); text-align: var(--awb-content-alignment); text-transform: var(--awb-text-transform);\">CDN, Fonts, Videos usw.) sollte im Einzelfall analysiert werden.<\/span><\/p>\n<h6 style=\"font-size: 20px; line-height: 0px;\" data-fusion-font=\"true\">4.1 Google Captcha<\/h6>\n<p style=\"color: #000000; font-size: 18px;\" data-fusion-font=\"true\">Wir nutzen Google Captcha von Google, um das Loginverfahren abzusichern.<\/p>\n<p style=\"color: #000000; font-size: 18px;\" data-fusion-font=\"true\">Sofern die DSGVO anwendbar ist, ist Grundlage f\u00fcr die Datenbearbeitung Art. 6 Abs. 1 lit. a <span style=\"font-family: var(--awb-text-font-family); font-style: var(--awb-text-font-style); letter-spacing: var(--awb-letter-spacing); text-align: var(--awb-content-alignment); text-transform: var(--awb-text-transform);\">DSGVO oder Art. 6 Abs. 1 lit. b DSGVO oder Art. 6 Abs. 1 lit. f DSGVO. <\/span><span style=\"font-family: var(--awb-text-font-family); font-style: var(--awb-text-font-style); letter-spacing: var(--awb-letter-spacing); text-align: var(--awb-content-alignment); text-transform: var(--awb-text-transform);\">Die Datenschutzerkl\u00e4rung von Google finden Sie unter <\/span>https:\/\/policies.google.com\/privacy?hl=de<span style=\"font-family: var(--awb-text-font-family); font-style: var(--awb-text-font-style); letter-spacing: var(--awb-letter-spacing); text-align: var(--awb-content-alignment); text-transform: var(--awb-text-transform);\">.<\/span><\/p>\n<p>4.1 Google Captcha<\/p>\n<p style=\"color: #000000;\">Wir nutzen Google Fonts von Google.<\/p>\n<p style=\"color: #000000;\">Sofern die DSGVO anwendbar ist, ist Grundlage f\u00fcr die Datenbearbeitung Art. 6 Abs. 1 lit. a DSGVO oder Art. 6 Abs. 1 lit. b DSGVO oder Art. 6 Abs. 1 lit. f DSGVO. Die Datenschutzerkl\u00e4rung von Google finden Sie unter https:\/\/policies.google.com\/privacy?hl=de.<\/p>\n<h6>5 Links<\/h6>\n<p style=\"color: #000000; font-size: 18px;\" data-fusion-font=\"true\">Auf unserer Website finden Sie Links auf Seiten von Drittanbietern. Wir sind nicht <span style=\"font-family: var(--awb-text-font-family); font-style: var(--awb-text-font-style); letter-spacing: var(--awb-letter-spacing); text-align: var(--awb-content-alignment); text-transform: var(--awb-text-transform);\">verantwortlich f\u00fcr die Inhalte und Datenschutzvorkehrungen auf externen Websites, welche <\/span><span style=\"font-family: var(--awb-text-font-family); font-style: var(--awb-text-font-style); letter-spacing: var(--awb-letter-spacing); text-align: var(--awb-content-alignment); text-transform: var(--awb-text-transform);\">Sie \u00fcber die Links erreichen k\u00f6nnen. Bitte informieren Sie sich \u00fcber den Datenschutz direkt <\/span><span style=\"font-family: var(--awb-text-font-family); font-style: var(--awb-text-font-style); letter-spacing: var(--awb-letter-spacing); text-align: var(--awb-content-alignment); text-transform: var(--awb-text-transform);\">auf den entsprechenden Websites.<\/span><\/p>\n<h6>6 Ihre Rechte<\/h6>\n<p style=\"color: #000000; font-size: 18px;\" data-fusion-font=\"true\">Soweit von dem auf Sie anwendbaren Datenschutzrecht vorgesehen, k\u00f6nnen Sie <span style=\"font-family: var(--awb-text-font-family); font-style: var(--awb-text-font-style); letter-spacing: var(--awb-letter-spacing); text-align: var(--awb-content-alignment); text-transform: var(--awb-text-transform);\">unentgeltlich Auskunft \u00fcber die auf Sie bezogenen gespeicherten Daten, deren Herkunft und <\/span><span style=\"font-family: var(--awb-text-font-family); font-style: var(--awb-text-font-style); letter-spacing: var(--awb-letter-spacing); text-align: var(--awb-content-alignment); text-transform: var(--awb-text-transform);\">Empf\u00e4nger und den Zweck der Datenbearbeitung verlangen. Ebenso steht Ihnen unter den <\/span><span style=\"font-family: var(--awb-text-font-family); font-style: var(--awb-text-font-style); letter-spacing: var(--awb-letter-spacing); text-align: var(--awb-content-alignment); text-transform: var(--awb-text-transform);\">gesetzlichen Voraussetzungen ein Recht auf Berichtigung, L\u00f6schung, Einschr\u00e4nkung der <\/span><span style=\"font-family: var(--awb-text-font-family); font-style: var(--awb-text-font-style); letter-spacing: var(--awb-letter-spacing); text-align: var(--awb-content-alignment); text-transform: var(--awb-text-transform);\">oder Widerspruch gegen die Bearbeitung sowie, sofern die DSGVO zur Anwendung gelangt, <\/span><span style=\"font-family: var(--awb-text-font-family); font-style: var(--awb-text-font-style); letter-spacing: var(--awb-letter-spacing); text-align: var(--awb-content-alignment); text-transform: var(--awb-text-transform);\">auf Herausgabe dieser Daten zur \u00dcbertragung an eine andere Stelle zu. <\/span><span style=\"font-family: var(--awb-text-font-family); font-style: var(--awb-text-font-style); letter-spacing: var(--awb-letter-spacing); text-align: var(--awb-content-alignment); text-transform: var(--awb-text-transform);\">Eine von Ihnen erteilte Einwilligung k\u00f6nnen Sie mit Wirkung f\u00fcr die Zukunft jederzeit <\/span><span style=\"font-family: var(--awb-text-font-family); font-style: var(--awb-text-font-style); letter-spacing: var(--awb-letter-spacing); text-align: var(--awb-content-alignment); text-transform: var(--awb-text-transform);\">widerrufen. Dazu reicht eine formlose Mitteilung per E-Mail an uns. <\/span><span style=\"font-family: var(--awb-text-font-family); font-style: var(--awb-text-font-style); letter-spacing: var(--awb-letter-spacing); text-align: var(--awb-content-alignment); text-transform: var(--awb-text-transform);\">Bitte beachten Sie, dass die vorstehenden Rechte gesetzlichen Einschr\u00e4nkungen <\/span><span style=\"font-family: var(--awb-text-font-family); font-style: var(--awb-text-font-style); letter-spacing: var(--awb-letter-spacing); text-align: var(--awb-content-alignment); text-transform: var(--awb-text-transform);\">unterstehen und ggf. die Erbringung unserer Dienstleistungen beeintr\u00e4chtigen oder <\/span><span style=\"font-family: var(--awb-text-font-family); font-style: var(--awb-text-font-style); letter-spacing: var(--awb-letter-spacing); text-align: var(--awb-content-alignment); text-transform: var(--awb-text-transform);\">verunm\u00f6glichen k\u00f6nnen. <\/span><span style=\"font-family: var(--awb-text-font-family); font-style: var(--awb-text-font-style); letter-spacing: var(--awb-letter-spacing); text-align: var(--awb-content-alignment); text-transform: var(--awb-text-transform);\">Sie sind berechtigt, Ihre Anspr\u00fcche gerichtlich durchzusetzen oder eine Beschwerde bei der <\/span><span style=\"font-family: var(--awb-text-font-family); font-style: var(--awb-text-font-style); letter-spacing: var(--awb-letter-spacing); text-align: var(--awb-content-alignment); text-transform: var(--awb-text-transform);\">zust\u00e4ndigen Datenschutzbeh\u00f6rde einzureichen. F\u00fcr die Schweiz ist der Eidgen\u00f6ssische <\/span><span style=\"font-family: var(--awb-text-font-family); font-style: var(--awb-text-font-style); letter-spacing: var(--awb-letter-spacing); text-align: var(--awb-content-alignment); text-transform: var(--awb-text-transform);\">Datenschutz- und \u00d6ffentlichkeitsbeauftragte zust\u00e4ndig (http:\/\/www.edoeb.admin.ch).<\/span><\/p>\n<h6>7 Aktualit\u00e4t und \u00c4nderung dieser Datenschutzerkl\u00e4rung<\/h6>\n<p style=\"color: #000000; font-size: 18px;\" data-fusion-font=\"true\">Wir k\u00f6nnen diese Datenschutzerkl\u00e4rung jederzeit \u00e4ndern oder anpassen.<\/p><\/p>\n<\/div><\/div><\/div><\/div><\/div>","protected":false},"excerpt":{"rendered":"","protected":false},"author":1,"featured_media":0,"parent":0,"menu_order":0,"comment_status":"closed","ping_status":"closed","template":"","meta":{"content-type":"","inline_featured_image":false,"footnotes":""},"_links":{"self":[{"href":"https:\/\/bauchbewohner.ch\/index.php\/wp-json\/wp\/v2\/pages\/3"}],"collection":[{"href":"https:\/\/bauchbewohner.ch\/index.php\/wp-json\/wp\/v2\/pages"}],"about":[{"href":"https:\/\/bauchbewohner.ch\/index.php\/wp-json\/wp\/v2\/types\/page"}],"author":[{"embeddable":true,"href":"https:\/\/bauchbewohner.ch\/index.php\/wp-json\/wp\/v2\/users\/1"}],"replies":[{"embeddable":true,"href":"https:\/\/bauchbewohner.ch\/index.php\/wp-json\/wp\/v2\/comments?post=3"}],"version-history":[{"count":23,"href":"https:\/\/bauchbewohner.ch\/index.php\/wp-json\/wp\/v2\/pages\/3\/revisions"}],"predecessor-version":[{"id":2730,"href":"https:\/\/bauchbewohner.ch\/index.php\/wp-json\/wp\/v2\/pages\/3\/revisions\/2730"}],"wp:attachment":[{"href":"https:\/\/bauchbewohner.ch\/index.php\/wp-json\/wp\/v2\/media?parent=3"}],"curies":[{"name":"wp","href":"https:\/\/api.w.org\/{rel}","templated":true}]}}